19443
List the prime factors of 3400668.
2, 3, 94463
List the prime factors of 371266.
2, 7, 23, 1153
What are the prime factors of 12372633?
3, 7, 13, 15107
What are the prime factors of 10316414?
2, 37, 109, 1279
List the prime factors of 4152777.
3, 17, 107, 761
What are the prime factors of 7317268?
2, 7, 37, 1009
List the prime factors of 1776840.
2, 3, 5, 13, 17, 67
What are the prime factors of 203334?
2, 3, 33889
What are the prime factors of 26478376?
2, 53, 197, 317
List the prime factors of 192450.
2, 3, 5, 1283
List the prime factors of 22850268.
2, 3, 7, 38861
List the prime factors of 1734072.
2, 3, 72253
List the prime factors of 31583833.
19, 1662307
List the prime factors of 77420.
2, 5, 7, 79
List the prime factors of 139823.
37, 3779
What are the prime factors of 1597483?
41, 47, 829
What are the prime factors of 1681045?
5, 17, 19777
List the prime factors of 7663839.
3, 619, 4127
What are the prime factors of 739911?
3, 246637
What are the prime factors of 25391870?
2, 5, 7, 362741
List the prime factors of 446822.
2, 157, 1423
List the prime factors of 180375.
3, 5, 13, 37
What are the prime factors of 50342?
2, 25171
What are the prime factors of 443469?
3, 13, 83, 137
What are the prime factors of 174477?
3, 19, 3061
What are the prime factors of 7072769?
11, 19, 43, 787
List the prime factors of 138333.
3, 13, 3547
What are the prime factors of 336996?
2, 3, 11, 23, 37
What are the prime factors of 858168?
2, 3, 29, 137
What are the prime factors of 28161761?
1297, 21713
What are the prime factors of 798249?
3, 266083
List the prime factors of 282796.
2, 19, 61
What are the prime factors of 1485726?
2, 3, 11, 22511
List the prime factors of 87022.
2, 13, 3347
What are the prime factors of 406467?
3, 19, 2377
List the prime factors of 9754885.
5, 7, 19, 14669
List the prime factors of 8722498.
2, 4361249
List the prime factors of 226894.
2, 41, 2767
What are the prime factors of 41442887?
167, 248161
List the prime factors of 10068419.
10068419
List the prime factors of 554301.
3, 11, 509
List the prime factors of 21130228.
2, 7, 754651
List the prime factors of 735929.
373, 1973
List the prime factors of 765414.
2, 3, 13, 3271
List the prime factors of 160982.
2, 80491
List the prime factors of 131538.
2, 3, 11, 1993
List the prime factors of 99882.
2, 3, 31, 179
What are the prime factors of 5936059?
5936059
List the prime factors of 2623354.
2, 673, 1949
List the prime factors of 10042191.
3, 23, 103, 157
What are the prime factors of 291391?
211, 1381
List the prime factors of 11806526.
2, 5903263
What are the prime factors of 591819?
3, 197273
List the prime factors of 7165963.
7, 59, 17351
List the prime factors of 13401.
3, 1489
List the prime factors of 79291.
37, 2143
What are the prime factors of 1908153?
3, 13, 47, 347
What are the prime factors of 53010?
2, 3, 5, 19, 31
List the prime factors of 162025.
5, 6481
What are the prime factors of 115219?
13, 8863
What are the prime factors of 183420?
2, 3, 5, 1019
List the prime factors of 670707.
3, 24841
List the prime factors of 497286.
2, 3, 9209
List the prime factors of 5330035.
5, 37, 47, 613
What are the prime factors of 47827?
13, 283
What are the prime factors of 103547?
17, 6091
What are the prime factors of 610521?
3, 17, 11971
List the prime factors of 3898172.
2, 37, 26339
What are the prime factors of 941755?
5, 188351
List the prime factors of 85318.
2, 29, 1471
List the prime factors of 9135579.
3, 17, 41, 257
List the prime factors of 311982.
2, 3, 11, 29, 163
What are the prime factors of 1402389?
3, 155821
List the prime factors of 877060.
2, 5, 43853
List the prime factors of 74851.
7, 17, 37
What are the prime factors of 1781846?
2, 11, 37, 199
What are the prime factors of 197782?
2, 13, 7607
What are the prime factors of 13139360?
2, 5, 13, 6317
List the prime factors of 553405.
5, 110681
List the prime factors of 9485.
5, 7, 271
What are the prime factors of 4589046?
2, 3, 7, 11, 43
List the prime factors of 7582939.
7, 13, 23, 3623
List the prime factors of 554579.
661, 839
What are the prime factors of 4110482?
2, 127, 16183
What are the prime factors of 5968734?
2, 3, 17, 163, 359
What are the prime factors of 109452?
2, 3, 7, 1303
What are the prime factors of 529334?
2, 13, 20359
List the prime factors of 8542661.
1123, 7607
What are the prime factors of 106848?
2, 3, 7, 53
What are the prime factors of 17292247?
7, 17, 20759
List the prime factors of 5658191.
7, 11, 73483
List the prime factors of 5596860.
2, 3, 5, 93281
What are the prime factors of 826107?
3, 509, 541
List the prime factors of 418857.
3, 139619
What are the prime factors of 7284190?
2, 5, 37, 19687
What are the prime factors of 4239371?
4239371
What are the prime factors of 677199?
3, 225733
List the prime factors of 4544367.
3, 181, 8369
What are the prime factors of 1319587?
29, 45503
List the prime factors of 3718200.
2, 3, 5, 6197
List the prime factors of 53378.
2, 13, 2053
List the prime factors of 10579528.
2, 919, 1439
List the prime factors of 1015333.
11, 241, 383
What are the prime factors of 283345?
5, 61, 929
List the prime factors of 357800.
2, 5, 1789
List the prime factors of 179514.
2, 3, 9973
List the prime factors of 1233642.
2, 3, 205607
What are the prime factors of 20808388?
2, 43, 311, 389
List the prime factors of 79277.
11, 7207
What are the prime factors of 2323269?
3, 13, 6619
List the prime factors of 2279747.
613, 3719
What are the prime factors of 13543759?
13543759
What are the prime factors of 40972?
2, 10243
What are the prime factors of 4918303?
13, 79, 4789
List the prime factors of 11648260.
2, 5, 13, 71, 631
List the prime factors of 26465.
5, 67, 79
List the prime factors of 19610955.
3, 5, 7, 13, 4789
What are the prime factors of 3308815?
5, 179, 3697
List the prime factors of 17127009.
3, 67, 28403
List the prime factors of 42931.
7, 6133
What are the prime factors of 24580719?
3, 29, 31393
What are the prime factors of 535434?
2, 3, 233, 383
What are the prime factors of 4954707?
3, 37, 14879
What are the prime factors of 1549485?
3, 5, 7, 4919
What are the prime factors of 1367790?
2, 3, 5, 127, 359
What are the prime factors of 2447351?
2447351
What are the prime factors of 309010?
2, 5, 13, 2377
List the prime factors of 19814280.
2, 3, 5, 163, 1013
List the prime factors of 451615.
5, 41, 2203
List the prime factors of 3095471.
3095471
List the prime factors of 848973.
3, 282991
List the prime factors of 215792.
2, 13487
What are the prime factors of 1198521?
3, 133169
List the prime factors of 38286261.
3, 13, 17, 19249
What are the prime factors of 251833?
251833
What are the prime factors of 4343962?
2, 7, 310283
What are the prime factors of 162147?
3, 54049
List the prime factors of 455656.
2, 56957
What are the prime factors of 4057472?
2, 31699
What are the prime factors of 3561042?
2, 3, 593507
List the prime factors of 7425541.
43, 172687
List the prime factors of 248808.
2, 3, 7, 1481
List the prime factors of 109450.
2, 5, 11, 199
What are the prime factors of 2241115?
5, 59, 71, 107
What are the prime factors of 13620056?
2, 1702507
List the prime factors of 124385.
5, 24877
What are the prime factors of 8789986?
2, 17, 263, 983
What are the prime factors of 239186?
2, 59, 2027
What are the prime factors of 256633?
13, 19, 1039
What are the prime factors of 10786157?
41, 263077
What are the prime factors of 228802?
2, 7, 59, 277
List the prime factors of 730880.
2, 5, 571
List the prime factors of 11556318.
2, 3, 1926053
List the prime factors of 251316.
2, 3, 13, 179
List the prime factors of 314479.
11, 23, 113
What are the prime factors of 159512?
2, 127, 157
List the prime factors of 1190869.
97, 12277
What are the prime factors of 31806660?
2, 3, 5, 17, 31183
What are the prime factors of 972063?
3, 108007
List the prime factors of 377566.
2, 7, 149, 181
What are the prime factors of 1276539?
3, 11, 101, 383
List the prime factors of 902988.
2, 3, 929
What are the prime factors of 23676980?
2, 5, 109, 10861
List the prime factors of 43306.
2, 59, 367
List the prime factors of 9973741.
167, 59723
List the prime factors of 5286993.
3, 359, 4909
What are the prime factors of 173135?
5, 31, 1117
List t